= 4*p + f + 3*f - 140, -f - 157 = -j*p. What is the units digit of p?
2
Let p(d) = 7*d**2 - 5*d - 18. What is the units digit of p(6)?
4
Let j = 78 + -76. What is the units digit of (-103)/j*(-8)/4?
3
Suppose -f - 1299 = -5*c, 17*f = 5*c + 20*f - 1303. What is the hundreds digit of c?
2
Suppose 5*q - 8*q = -2*j - 4162, -2*q = 3*j - 2792. What is the tens digit of q?
9
Let n be -1 - 0/3 - -17. Let l(s) = -s**3 + 15*s**2 + 20*s + 8. What is the tens digit of l(n)?
7
Let w be (74/4)/(1/4). Suppose 5*f - 3*u + 76 = 0, u + u - w = 5*f. Let z = f - -47. What is the units digit of z?
3
Let q be (-288)/20*10/(-3). Let t = 93 - q. What is the tens digit of t?
4
Let y be 1266/(-5)*(-10)/4. Suppose -3*l + h + y = 0, 5*h - 134 = 2*l - 569. What is the units digit of l?
0
Let m(z) = 13*z**2 - 2*z. Let w = 1 - 0. Let l be m(w). Suppose 8 = -2*y - 2, -5*y - l = 2*j. What is the units digit of j?
7
Let w = 813 + -332. What is the hundreds digit of w?
4
Let m be 4/28 - (-96)/14. Suppose m*c + 8 = 3*c. What is the units digit of -14*c/(-4)*-1?
7
Let h = 164 + 608. What is the units digit of h?
2
Let q(d) = d**2 - 6*d + 12. Let f be q(5). Suppose j - 3*c - 2 = -f, 35 = 5*j - 3*c. What is the units digit of j?
0
Let y = 24 + -48. Let c = -40 - y. What is the units digit of (-1 - 1)/(8/c)?
4
Let w = 116 + -114. Suppose 4*t - 1046 = -4*u - 98, t - w*u - 222 = 0. What is the units digit of t?
2
Suppose -27 = 2*w - 5*w. Let g(t) = 2*t - 15. Let i be g(w). Suppose 0 = 2*c + i*c - 255. What is the units digit of c?
1
Suppose 5*c = -7 + 7. Suppose c*p + 83 = p. What is the units digit of p?
3
Let m(u) = -2*u + 42. Let o be m(10). Suppose 5*p - 653 = o. What is the tens digit of p?
3
Suppose 0*h = -h. Suppose -3*o + 22 + 76 = 4*p, 4*p - 8 = h. Let k = o - 11. What is the units digit of k?
9
Suppose -10*m = -16*m + 5688. What is the hundreds digit of m?
9
Suppose -9*c + 20*c = 5401. What is the units digit of c?
1
Let z = 9028 + -4172. What is the hundreds digit of z?
8
Suppose 3*n = 3*j + 822, -5*j = -3*n + 1216 - 398. What is the units digit of n?
6
Let z(b) = -6 + 15*b - 2 - 5 - b. What is the tens digit of z(6)?
7
What is the hundreds digit of (-4)/1 - (-453 + -1 + -1)?
4
Suppose 0 = 11*f - 4 + 4. Suppose 2*x + 5 - 339 = f. What is the hundreds digit of x?
1
Let i(h) = 4*h + 14. Let a = -18 + 25. What is the units digit of i(a)?
2
Let a be (6076/8)/7*2. Suppose 3*g - 589 = -4*j, 4*j = 2*g - a + 811. Suppose -3*o + j = 5*q, 3*o + q + 3*q = 143. What is the tens digit of o?
4
What is the tens digit of ((-1566)/(-216))/((-1)/720*-2)?
1
Suppose 18*h = 6*h + 396. What is the tens digit of h?
3
What is the units digit of -3 + 7 - -1416 - -9?
9
Let y(r) = -r**3 - 5*r**2 - 8*r - 2. Let i(f) = f**3 - 4*f**2 - 8*f + 9. Let w be i(5). What is the tens digit of y(w)?
8
Let t(r) = -r**3 - 18*r**2 - 3*r + 5. Let v(k) = -k**3 - k**2 + 1. Let y(b) = -t(b) + 2*v(b). What is the units digit of y(16)?
5
Suppose -d = 5*q - 17 - 3, -15 = -3*d. Suppose -5*a - 3*w + 29 = 0, -a + 6 + 1 = w. What is the units digit of 3*a/9*q?
4
Let y(o) = -4*o**2 + 3*o**2 - 9 - 822*o + 838*o. What is the tens digit of y(6)?
5
Let h be 269 + (-7)/28 + 9/4. Let y = h + -193. What is the tens digit of y?
7
Let z = -1 - 7. Let d be (z - -7)*(0 - -670). What is the units digit of 4/24 + d/(-12)?
6
Suppose 2*b + 8 = -2*w, 0*b + 22 = -5*b - 4*w. What is the units digit of ((-158)/b)/(8/24)?
9
Let k = 32 - 28. Suppose -5*r + k*r - 5 = 0, -5*i + r = -130. What is the units digit of i?
5
Let b = -12 - -15. Suppose -2*d = m - 75, -d + b*d = 4*m + 60. Let h = d + -16. What is the units digit of h?
0
Let j = 882 + 861. What is the hundreds digit of j?
7
Suppose -2*j = -8 - 0. Suppose 2*b - 434 = -j*u, u + 3*u + 12 = 0. What is the tens digit of b?
2
Suppose 0 = 11*o - 6*o. Let a be (o + -1)/((-1)/29). Let u = a + -8. What is the units digit of u?
1
Let f(x) = -x + 292. Let t be f(0). Suppose 4*q - t = -0*q. What is the tens digit of (1 - q)/((-12)/8)?
4
Let w = 96 - 84. Let h(g) = g**3 + 5*g**2 - g - 1. Let v be h(-5). Let n = v + w. What is the tens digit of n?
1
Let s(d) = 27*d - 51. What is the tens digit of s(10)?
1
Let n(r) = -r**3 + 17*r**2 - 18*r + 19. Suppose 0 = -2*t + 10, -2*f + 6 - 1 = -5*t. What is the tens digit of n(f)?
9
Suppose 64 = -6*d + 100. What is the tens digit of 115 - (d - 5 - 5)?
1
Suppose 2*v = 2*t - 48, 2*v = -4*t + 4*v + 100. Suppose -2*q = 4 - t. Suppose -4*j - 4 = -d, -3*d - 2*j + 1 = -q. What is the units digit of d?
4
Let o = -6 + 18. Let g be 139 + 1*o/(-4). Suppose 0 = -3*d - 5*n + 204, 3*n - g = -2*d + 5*n. What is the units digit of d?
8
What is the units digit of (-1004)/(-5)*(-70)/(-28)?
2
Let i = 23 + -18. Suppose -5*k = 25, -i*t + 10*k - 5*k + 210 = 0. Suppose -z + t = -0*z. What is the tens digit of z?
3
Suppose 77*y - 73*y = -2*v + 2204, 3*v = y - 544. What is the units digit of y?
0
Let g(t) = -2*t**3 + 12*t**2 - t + 9. Let w be g(6). Suppose w*x + 113 = 2*k, 3*k - 11*x - 137 = -13*x. What is the units digit of k?
9
Suppose 6*f - 10983 - 1593 = 0. What is the thousands digit of f?
2
Let t(j) = j**3 + 9*j**2 - 13*j + 1. Let c(p) = 3*p**3 + 17*p**2 - 27*p + 3. Let n(y) = -2*c(y) + 5*t(y). What is the units digit of n(9)?
2
Let j(c) = c**3 + 7*c**2 + 3*c - 6. Let g be j(-6). Let d(t) = 39 - t**2 - g + t - 20. What is the units digit of d(0)?
7
Suppose -2*s = s + 3. What is the tens digit of 710/20*(s - -3)?
7
What is the tens digit of -409*(-208)/(-39)*(-6)/4?
7
Suppose 0 = -5*i - o - 9, 16 = 4*i - 3*o - 2*o. Let k be 1 + i + (-12)/(-3). What is the units digit of (-38)/k*(0 - 2)?
9
Suppose 3*r = 5*m + 2*r - 125, -5*r + 25 = 0. Let x = m + 34. What is the tens digit of x?
6
Suppose 15*l - 260 - 1735 = 0. Let v = -39 + l. What is the tens digit of v?
9
Suppose m - 201 = -5*u, 4*u + m + 89 - 249 = 0. Let h = 1 - -3. Suppose -h*n + w - 1 = -u, -n = -2*w - 3. What is the units digit of n?
1
Let g(o) = 5*o**2 - 3*o - 1. Let q be g(3). Let x(h) = 9*h**3 - 5*h**2 + 5*h. Let w be x(2). Let u = w - q. What is the tens digit of u?
2
Suppose 5*l + 35 = 3*d, -4*d + 0*d = l - 16. Let g be (l/2)/((-6)/33). Suppose g = -r + 21. What is the units digit of r?
0
Let l = -44 + 147. Suppose -4*o + 9*o = c + l, -2*c = -2*o + 46. What is the units digit of o?
0
Let k(w) = w - 2. Let n be k(5). Suppose 0 = 2*b + n*b - 225. Suppose 4*x - 5*z = b, 2*x - 5*x + 26 = 4*z. What is the tens digit of x?
1
Let i be ((-42)/(-28))/(2/4). What is the tens digit of ((-4)/i)/(2/(-54))?
3
Suppose -5*m + 22 = 3*g, 2*m = 4*g - 14 + 2. Let i(z) be the second derivative of 11*z**3/6 + 3*z**2/2 - 2*z. What is the tens digit of i(m)?
2
Let k = -6 - -306. Let c = k + -80. What is the tens digit of c?
2
Let l = -350 - -376. What is the units digit of l?
6
Suppose 0 = -v - 5*o - 7, 3*v + 5*o - 25 = -2*v. Suppose 10*p = v*p + 40. What is the units digit of ((-75)/p - 2)*-4?
3
Suppose -2*u + 320 = -312. What is the units digit of u?
6
What is the units digit of 7 - (-7 - 4023/1)?
7
Suppose 0 = 4*l + 21 - 1. Let d(c) = -c**3 - 3*c**2 - 2*c - 6. Let h be d(l). Suppose 0 = 4*y - 2*y - h. What is the tens digit of y?
2
Suppose -5*c + 3*c - r = -321, -c - 2*r = -162. What is the units digit of c?
0
Let a(q) be the second derivative of q**5/20 - 7*q**4/12 + 13*q**3/6 - 6*q**2 - 6*q. What is the units digit of a(8)?
6
Let f(n) = -2*n**2 - 3*n + 1. Let q be f(1). What is the units digit of 10/q*16/(-10)?
4
Suppose -4*l + 120 = -l. Suppose 0 = y + 9*y - l. What is the units digit of y?
4
Suppose -2*o = -13*o + 594. What is the tens digit of o?
5
Let z(w) = -w**3 - 36*w**2 + 63*w. What is the units digit of z(-39)?
6
Suppose -175 = 4*d + d. What is the tens digit of 1 - (-4 - d/(-5))?
1
What is the tens digit of (-6676)/(-7) + 14/49?
5
Let u(j) = -j + 2*j**2 + 2*j**3 + 21 - 3*j**2 - 7*j**3 + 4*j**3. Let d be (0/(-1))/((-6)/3). What is the tens digit of u(d)?
2
Let z(b) = b**2 - 20*b + 3. Let a be z(18). Let d = -31 - a. Suppose d*s - 54 = -4*s. What is the units digit of s?
9
Let n(v) = v**2 + 12*v + 3. Suppose 0*p + 2*u - 20 = 2*p, -3*p - u - 34 = 0. Let f be n(p). Let c = -2 - f. What is the units digit of c?
6
Suppose -2*y = -4*l + 40, 30 = -l + 4*l - 3*y. Let d be (9 - l) + 0 + 26. Suppose -3*j + 4*j - d = 0. What is the units dig